ime number?
False
Is 1657026871 composite?
True
Is 188620261 a prime number?
True
Is 497933231 composite?
True
Is 1111858807 prime?
False
Is 539129831 a prime number?
True
Is 3240917399 composite?
False
Is 40855787849 composite?
True
Is 377006783 composite?
False
Is 92089577 a composite number?
False
Is 5433408067 composite?
True
Is 2726969713 prime?
False
Is 5484730219 a composite number?
False
Is 73710870767 prime?
True
Is 7897550783 composite?
True
Is 21249917503 composite?
False
Is 4875404707 composite?
False
Is 1029800069 a composite number?
False
Is 43168391 a prime number?
False
Is 4650631243 composite?
False
Is 165580197613 prime?
False
Is 10819084327 prime?
True
Is 7114585129 prime?
False
Is 162967289 a composite number?
True
Is 1356417911 a composite number?
False
Is 4209635341 a composite number?
False
Is 4731378097 a prime number?
True
Is 53227639391 a composite number?
False
Is 18287387831 a prime number?
True
Is 1845710899 a prime number?
False
Is 250943221 a composite number?
False
Is 190607909 a prime number?
True
Is 9058224841 a composite number?
True
Is 970281997 composite?
False
Is 2823308381 a composite number?
True
Is 2365617499 prime?
False
Is 6465099889 prime?
True
Is 1432655219 a composite number?
False
Is 6336932411 a prime number?
True
Is 31937952533 prime?
False
Is 4960853537 composite?
False
Is 18569954894 composite?
True
Is 4491918869 a composite number?
False
Is 4131397499 a prime number?
False
Is 7608613931 a prime number?
True
Is 2402436193 a composite number?
False
Is 2495244358 a composite number?
True
Is 56731498007 a composite number?
True
Is 27070715891 prime?
False
Is 107861410714 a prime number?
False
Is 23310744869 composite?
False
Is 4188674689 a prime number?
False
Is 201134993 prime?
False
Is 3166805947 a composite number?
False
Is 3459373 a prime number?
True
Is 1739633251 composite?
False
Is 74334481409 a prime number?
True
Is 464383991693 a composite number?
False
Is 14809348987 prime?
False
Is 790458233 prime?
False
Is 439320521 a prime number?
False
Is 3400534567 a composite number?
True
Is 2053970951 a prime number?
True
Is 75796736623 prime?
False
Is 1636851899 prime?
True
Is 35800790021 a composite number?
False
Is 1349560229 a prime number?
False
Is 257251427 a prime number?
True
Is 30655690673 a composite number?
True
Is 2499185201 a composite number?
False
Is 2108037329 composite?
True
Is 1022149357 prime?
False
Is 11726110307 composite?
False
Is 12902456354 prime?
False
Is 58533188929 a composite number?
False
Is 14270960849 a composite number?
False
Is 786254167 prime?
True
Is 1100202757 a prime number?
True
Is 8542469821 composite?
False
Is 5909104121 composite?
False
Is 24684972163 prime?
False
Is 330756761 prime?
True
Is 24118178321 composite?
True
Is 14335721347 a composite number?
False
Is 21370895039 composite?
True
Is 6561591797 composite?
True
Is 5422667347 prime?
False
Is 14142229679 a composite number?
False
Is 3583547237 prime?
True
Is 306983357 a composite number?
True
Is 3318706507 a composite number?
False
Is 341679011 a composite number?
False
Is 5433387643 prime?
True
Is 154600133 composite?
True
Is 539773021 a prime number?
True
Is 2364728851 composite?
True
Is 581417293 a composite number?
False
Is 29385342479 a composite number?
True
Is 57092982907 composite?
True
Is 11324553083 prime?
True
Is 161460451133 composite?
False
Is 28217314817 composite?
True
Is 3169938521 a composite number?
True
Is 8363826221 a composite number?
True
Is 14452470485 prime?
False
Is 1531789243 composite?
False
Is 2643258403 a prime number?
True
Is 380634979 composite?
False
Is 1103679695743 a prime number?
True
Is 1272227639 a prime number?
False
Is 81145677311 a composite number?
True
Is 180769909 a composite number?
True
Is 102791677 a composite number?
False
Is 1595661443 composite?
False
Is 949111739 prime?
False
Is 34486555199 prime?
True
Is 226199933773 a prime number?
False
Is 304849764029 a prime number?
False
Is 279254477 composite?
True
Is 45069683023 prime?
True
Is 17396623553 a prime number?
False
Is 92129767559 a composite number?
False
Is 16069721 a prime number?
True
Is 29615634623 a prime number?
False
Is 25249512551 a prime number?
True
Is 3467720857 prime?
True
Is 815031311 composite?
True
Is 50646743123 a composite number?
True
Is 1820346221 a composite number?
True
Is 438103399 composite?
False
Is 120678888131 composite?
False
Is 5953347703 composite?
False
Is 2777910757 composite?
False
Is 1104637499 composite?
True
Is 1371262033 a composite number?
False
Is 9303867401 a prime number?
False
Is 17313332749 a prime number?
True
Is 2134599529 composite?
False
Is 862656013 a prime number?
True
Is 3133614151 a composite number?
False
Is 556326763 a composite number?
False
Is 1014026059 a composite number?
False
Is 5089640869 composite?
False
Is 2490171691 a prime number?
False
Is 142298977 a prime number?
False
Is 2556449633 a composite number?
False
Is 1182780721 composite?
False
Is 4464750079 prime?
True
Is 3804443911 composite?
False
Is 2972330921 a prime number?
False
Is 573400537 prime?
False
Is 17377904659 a prime number?
False
Is 149135862427 a prime number?
True
Is 11193867505 a prime number?
False
Is 7868329057 prime?
False
Is 12825836819 a composite number?
True
Is 489842027 a composite number?
True
Is 191554574 prime?
False
Is 2978588114 a composite number?
True
Is 301273631 prime?
True
Is 1108260313 a prime number?
False
Is 1396774802 composite?
True
Is 14104508489 a prime number?
True
Is 42794022671 a prime number?
True
Is 33504191371 prime?
False
Is 20503231057 a prime number?
True
Is 870746599 a composite number?
False
Is 416654981 a prime number?
False
Is 22353511813 a prime number?
False
Is 66154926107 a composite number?
False
Is 57716453 a composite number?
True
Is 59901581 composite?
False
Is 18580364587 composite?
True
Is 2646396377 a prime number?
True
Is 58163577517 a composite number?
False
Is 95112694037 prime?
True
Is 2393701513 a composite number?
True
Is 47596225211 prime?
True
Is 6401011943 composite?
True
Is 338628971 a prime number?
True
Is 13582325543 a prime number?
False
Is 233040376321 composite?
False
Is 7557151741 a composite number?
True
Is 8008181353 a prime number?
True
Is 57823084843 a composite number?
False
Is 769968541 composite?
False
Is 3777345941 a prime number?
True
Is 2028034781 prime?
True
Is 76697577311 a composite number?
True
Is 971197219 composite?
True
Is 2195222039 composite?
False
Is 1284481417 prime?
True
Is 7437586973 a prime number?
True
Is 48474105499 a composite number?
False
Is 1074211883 prime?
True
Is 565167701 a prime number?
False
Is 814366633 prime?
False
Is 1503687473 composite?
True
Is 149776151 composite?
True
Is 1073254733 composite?
True
Is 12206331223 a prime number?
True
Is 2033748103 prime?
False
Is 522680799 a composite number?
True
Is 30381704177 a prime number?
False
Is 2776760069 composite?
False
Is 624711433 a prime number?
False
Is 322932431 a prime number?
False
Is 3873178355 composite?
True
Is 7624803523 composite?
False
Is 1801570402 a prime number?
False
Is 2447605751 a composite number?
True
Is 1190388449 prime?
False
Is 896820509 composite?
True
Is 60310124023 a prime number?
False
Is 2764790593 composite?
False
Is 52496528911 composite?
False
Is 936086111 prime?
True
Is 26597786077 a composite number?
True
Is 643716487 prime?
False
Is 31311387955 a composite number?
True
Is 19009947029 composite?
False
Is 143556843269 prime?
False
Is 2439239189 composite?
False
Is 30094070753 prime?
False
Is 4448589823 a composite number?
False
Is 1406568659 a prime number?
False
Is 4139279281 composite?
True
Is 22951804321 a prime number?
True
Is 314392283 a prime number?
True
Is 1798016603 a composite number?
True
Is 1436928919 composite?
True
Is 5353908873 a composite number?
True
Is 351578417 prime?
True
Is 345258444133 a composite number?
False
Is 3115097251 prime?
False
Is 17110598179 composite?
True
Is 16335829439 a composite number?
True
Is 1579011531 a prime number?
False
Is 73592265737 a prime number?
True
Is 119908265258 composite?
True
Is 2995337069 prime?
False
Is 884997947 a composite number?
True
Is 6276345079 composite?
True
Is 2011557199 a prime number?
False
Is 22409489098 composite?